composite number?
False
Let i = -21 - -25. Let w(o) = -i*o - 13*o + 3 + 4*o + 4. Is w(-8) composite?
True
Let r = 16 + -16. Suppose -a - 4*a - 4*i + 325 = r, 4*a - 3*i = 291. Is a composite?
True
Let w = 1238 - 615. Is w a prime number?
False
Let d(r) = -43*r - 2. Let v(n) = -3*n. Let h be v(1). Is d(h) prime?
True
Suppose 2*o + o = 5*c + 14288, -3*o + 14264 = c. Let r = o + -2731. Suppose -3*s + 996 = -r. Is s a composite number?
True
Let n(i) = 4*i**3 + 17*i**2 - 14*i - 9. Let l(g) = g**3 + g**2 - g - 1. Let b(j) = -6*l(j) + n(j). Let q be b(8). Let y = q - -568. Is y a prime number?
True
Suppose 0*n = 11*n - 51535. Is n a composite number?
True
Let b be 3/(-4 - -1) - (-6 - -1). Is 10/b*(-774)/(-15) a prime number?
False
Let u(w) = 88*w**2 + w + 10. Is u(-3) a composite number?
True
Let w(k) = -3*k**3 + 4*k**2 - 3*k + 4. Let r be w(4). Suppose 0 = 2*i - 1108 + 322. Let q = r + i. Is q a prime number?
True
Let d(k) = -k**2 - 9*k + 3. Let w be d(-9). Suppose 3 = -v - w. Let j(h) = -3*h**3 - 6*h**2 + 7*h + 7. Is j(v) a composite number?
False
Is 10820/5 - (-1 - -6) composite?
True
Is 11 + 5/(20/58008) a prime number?
False
Let r(f) = 44*f + 21. Suppose -2*q - 2*c + 2 = c, -c - 4 = 0. Is r(q) a prime number?
False
Let u be 3/((-42)/4) - 20/(-70). Is -7 + 3 + u + 3902 + 1 a prime number?
False
Let x be (-9)/3 + (-20)/(-2). Let m(a) = -4*a**2 + a - 7. Let s be m(x). Let v = 199 - s. Is v a composite number?
True
Suppose -3*t = -26 + 14. Suppose -3*x = -2*q - 409, -188 = t*x + 3*q - 756. Is x a composite number?
False
Suppose 2*w - 6 = 0, 3*w + 0 = y + 5. Suppose 2*i = 5*p + i - 3758, 2*i - 2998 = -y*p. Is p composite?
False
Suppose -3*m = -11*m - 24. Let l(d) = -6*d**3 - 5*d**2 + 10. Is l(m) a composite number?
False
Let f = 6757 + 22720. Is f composite?
True
Is 894776/10 + 6/(-10) a composite number?
False
Let l = 673 - -28. Is l prime?
True
Let t(i) = -29*i**3 - 12*i - 2*i + 28*i**3 + 0 - 11*i**2 - 3. Suppose 0 = w + 3*d + 25, -2*d - 45 = 4*w - d. Is t(w) prime?
True
Let t be (-1)/(10/6)*5*-1. Suppose 106 = t*w - 3641. Is w a composite number?
False
Is (-494250)/(-10) - (-13 - -21) a prime number?
True
Is (716/(-6))/((-22)/1551) a prime number?
False
Let f(u) = -149*u + 1. Let c be f(2). Let i = c - -506. Let n = i + -60. Is n a composite number?
False
Suppose 4*q + 3*i - 67895 + 15021 = 0, -3*i = -q + 13211. Is q a composite number?
False
Let x(v) = -9*v**2 - 2*v - 4. Let b(j) = -35*j**2 - 9*j - 17. Let n(m) = -6*b(m) + 26*x(m). Let q be n(1). Is (-10062)/q + 2/(-8) prime?
True
Is 4 + 702 + -3 + -2 prime?
True
Let p = 287 - -584. Let z = p + -128. Is z composite?
False
Let z(u) be the second derivative of -4/3*u**3 - 2*u - 1/2*u**2 + 0. Is z(-4) prime?
True
Let w = 3684 - 2543. Is w composite?
True
Let t(j) = 2046*j + 1227. Is t(9) a prime number?
False
Let d(k) be the third derivative of 11*k**5/60 - k**4/8 - k**3/2 + 9*k**2. Is d(3) composite?
True
Suppose -5*r + 10 = 0, -136123 = -16*t + 11*t - 4*r. Is t composite?
True
Let v(q) = -3*q. Let z be v(-3). Suppose z - 285 = -4*j. Is j prime?
False
Let x(v) = -7*v**3 + 1 - v**2 - 2*v + v - 3*v**3 - 2*v. Is x(-2) prime?
True
Suppose -12*w + 39362 = -11050. Is w a prime number?
True
Suppose 6*p = p + 3*z + 15175, 0 = p - 5*z - 3057. Suppose 3*f - 11*f = -p. Is f a prime number?
True
Let t(f) = 2*f**2 - 51*f - 88. Is t(-29) a prime number?
False
Let o(r) = r**3 - 3*r**2 + r - 6. Let c be o(5). Suppose -5*m = -906 - c. Is m a prime number?
True
Is 1480 - -2*2/4 composite?
False
Is (5199*(0 + -1))/((-27)/18) composite?
True
Suppose -2*t - 2*k + 374 = 0, 4*t + 3*k - 1185 = -437. Let l be (0 + 2)/((-5)/(-10)). Suppose 5*q = l*q + t. Is q a composite number?
True
Suppose 44*t - 2973 = 41*t. Is t a composite number?
False
Is (-2722118)/(-112) - 6/(-16) a prime number?
False
Suppose 3*u + 2 = 74. Let n be u/20*(4 + 1). Suppose 0 = -n*v + 2*v + 104. Is v a prime number?
False
Suppose 4*t = 2*y - 4*y + 18, 2*t - 13 = 3*y. Let k be (17 + (-8)/2)*(-14)/(-2). Suppose -t*w = i - k, 3*w + 272 = i + 3*i. Is i prime?
True
Is 0 + 4 - 5 - 17292/(-1) a composite number?
False
Let l = 4777 - 1847. Suppose -q - l = -11*q. Is q prime?
True
Let k(i) = 32*i**3 - 9*i**2 + 3*i + 41. Is k(5) a composite number?
True
Suppose 0 = 4*l - 33 - 563. Is l composite?
False
Let h = -1760 - -2679. Is h composite?
False
Let j = -35 - -73. Suppose 2*u = -0*u - 3*h + 8, 0 = 3*u - 2*h - j. Let d(y) = y**3 - 2*y**2 - 13*y + 13. Is d(u) a composite number?
False
Let k(i) = -96*i**2 + 78*i**2 + 2 + i**3 + 18*i + 0. Is k(17) composite?
False
Is (-7)/(-28)*(17086 - 2) a composite number?
False
Let w = 3433 + 894. Is w prime?
True
Let k = -18 - -22. Suppose -k*h = -h - 6. Suppose 2*a = -c + 529, -h*c - 395 = 2*a - 1445. Is c a prime number?
True
Let g(z) = -221*z - 5. Let q be g(-5). Let r = q + -391. Is r prime?
True
Let c = 28574 - 19591. Is c a prime number?
False
Suppose -3*b = -6*b + 120. Suppose -1022 = -2*j - b. Is j composite?
False
Let l(m) = 5783*m - 39. Is l(4) composite?
True
Suppose 4*q = 4*h + q + 7, 5*q = -5*h - 35. Let v = 18 + h. Is v a composite number?
True
Suppose 2*z - 2059 = -r - 0*r, 0 = z - 5. Let m = r + -1046. Is m prime?
False
Is 14448 - (6 + -5)*(-2 + -3) a prime number?
False
Suppose -s + 6*s - 4*d - 52131 = 0, 5*s - d - 52134 = 0. Is s composite?
False
Let f(n) = -n**2 - 2*n - 15. Let l be f(0). Suppose 3*o = 2*o - 5. Is (-2)/o - 2664/l composite?
True
Let s(d) = d**2 + 5*d + 4. Let c be s(-4). Suppose 4 = 2*k - c*k + 2*g, -2*k + 12 = -2*g. Suppose -5*t - 5*w + 195 = 0, k*t + 5*w - 102 = 58. Is t composite?
True
Suppose 18*r = -r + 217417. Is r a prime number?
True
Suppose l + 9510 = 2*r, r - 5*l = -99 + 4863. Is r a composite number?
True
Suppose 5*p - 78979 + 15714 = 0. Is p a composite number?
False
Suppose 0 = -6*h + 9*h - 1473. Let v = h + 2294. Is v a composite number?
True
Let n = -54 + 132. Let o be 3/36*4*(-6 - -12). Suppose 0 = -o*s + 4*s - n. Is s prime?
False
Let k(u) = 2*u**2 - 29*u + 37. Suppose -27 = -2*t + 33. Is k(t) composite?
False
Let n be 14/(-21) - (-8050)/6. Let s = n - 364. Is s composite?
False
Let k(g) = -g + 1. Let m(b) = 2*b + 3. Let s(r) = -6*k(r) + m(r). Suppose 3*l - 5*a = 7 + 4, -4*l - 5*a = -3. Is s(l) prime?
True
Let o = 2048 - 1151. Let a = -506 + o. Is a a prime number?
False
Suppose 3*z - 2*l = 3528, 3*z + 2*l - 2443 - 1073 = 0. Suppose -2*y = 2*q - 582, -297 = -5*y + 3*q + z. Is y a prime number?
True
Let t(a) = -a**2 + 7*a - 2. Let q be t(8). Let o be 5072/(-40) - 8/q. Let p = 31 - o. Is p a composite number?
False
Let a(v) = 29*v - 7. Let h(r) = 36*r - 7. Let k(q) = q. Let o(d) = -h(d) + 6*k(d). Let w(p) = 5*a(p) + 6*o(p). Is w(-8) composite?
True
Let h = 52 + -47. Suppose -3110 = -h*l + 1325. Is l prime?
True
Let x(d) = 2*d**2 + 213*d - 141. Is x(52) composite?
True
Let b(o) = 19*o**2 + 3*o. Let x be b(3). Let t(i) = 82*i - 1. Let d be t(-1). Let m = x + d. Is m a composite number?
False
Suppose 0 = c + v - 5, 0*c + 4*c - 3*v - 34 = 0. Let h = c + -7. Suppose h = 3*k - 373 + 94. Is k composite?
True
Suppose c - 9 = -0*c. Suppose 3*w = c*w - 894. Is w prime?
True
Let j be (-3)/(-3)*3 + -151. Let f = -70 - j. Let z = f - 1. Is z a composite number?
True
Let d(b) = 34*b - 3. Let y be d(-2). Let k = y - -252. Is k a prime number?
True
Let i(z) be the third derivative of 19*z**6/360 + z**4/8 + z**3/3 + 5*z**2. Let f(k) be the first derivative of i(k). Is f(-4) a composite number?
False
Let l = -2 - -7. Suppose -l*v = -v - 24. Suppose -v*i + 8 = -2*i, 2*i - 559 = -5*r. Is r a composite number?
True
Is ((-2864280)/16)/((-21)/14) a composite number?
True
Suppose 0 = -3*l + 1852 - 514. Let q = l + -243. Is q prime?
False
Let r(s) = -s**2 - 10*s - 10. Let h be r(-8). Let n(c) = -c**2. Let t(y) = -y**2 - 7*y - 7. Let x(u) = -4*n(u) + t(u). Is x(h) prime?
True
Let m(t) = 133*t**2 + 9*t - 9. Let b(k) = 58*k + 2 - 62*k + 2 - 67*k**2. Let j(w) = -9*b(w) - 4*m(w). Is j(1) prime?
True
Is (-6 + -2102 + 9)*-1 a prime number?
True
Let u(y) = y**2 - 8*y - 1. Let o be (24 - 0)/((-21)/(-14)). Suppose 2*m = -2*l - o, -2*m = -3*l - 6 + 22. Is u(m) a composite number?
False
Suppose -2*p - 40 = -3*h, 0 = 5*h + 4*p + 21 - 95. Let d = 87 - 55. Let m = h + d. Is m composite?
True
Let l(r) = 228*r + 1